{"id":4659,"date":"2025-06-24T12:46:53","date_gmt":"2025-06-24T10:46:53","guid":{"rendered":"https:\/\/slupu.com\/?page_id=4659"},"modified":"2025-06-24T12:49:29","modified_gmt":"2025-06-24T10:49:29","slug":"declaracio-daccessibilitat","status":"publish","type":"page","link":"https:\/\/slupu.com\/ca\/declaracion-de-accesibilidad\/","title":{"rendered":"Declaraci\u00f3 d'accessibilitat"},"content":{"rendered":"<p class=\"wp-block-paragraph\">CONSULTORA DIGITAL SLUPU es compromet a fer que el seu lloc web sigui accessible a tots els usuaris, independentment de les seves capacitats o discapacitats. Hem implementat mesures d'accessibilitat per garantir que el nostre lloc web compleixi amb els est\u00e0ndards d'accessibilitat web establerts per la WCAG 2.0 nivell AA. Treballem cont\u00ednuament per millorar l'accessibilitat del nostre lloc web i us convidem a contactar amb nosaltres si teniu algun comentari o suggeriment sobre com podem millorar l'accessibilitat del nostre lloc web.<\/p>\n\n\n\n<p class=\"wp-block-paragraph\">CONSULTORA DIGITAL SLUPU s'ha comprom\u00e8s a fer accessibles els seus llocs web, de conformitat amb el\u00a0<strong><a href=\"https:\/\/www.boe.es\/buscar\/act.php?id=BOE-A-2018-12699\" target=\"_blank\" rel=\"noreferrer noopener nofollow\">Reial Decret 1112\/2018<\/a><\/strong>, del 7 de setembre, sobre accessibilitat dels llocs web i aplicacions per a dispositius m\u00f2bils del sector p\u00fablic, per la qual es transposa a l'ordenament jur\u00eddic espanyol la\u00a0<a href=\"http:\/\/eur-lex.europa.eu\/legal-content\/ES\/TXT\/?uri=uriserv:OJ.L_.2016.327.01.0001.01.SPA&amp;toc=OJ:L:2016:327:FULL\" target=\"_blank\" rel=\"noreferrer noopener nofollow\"><strong>Directiva (UE) 2016\/2102 del Parlament Europeu i del Consell<\/strong><\/a>.<\/p>\n\n\n\n<p class=\"wp-block-paragraph\">La present declaraci\u00f3 d'accessibilitat s'aplica al portal institucional\u00a0<strong>slupu.com<\/strong><\/p>\n\n\n\n<p class=\"wp-block-paragraph\"><strong>ESTAT DE COMPLIMENT<\/strong><\/p>\n\n\n\n<p class=\"wp-block-paragraph\">Aquest lloc web \u00e9s\u00a0<strong>parcialment d'acord<\/strong>\u00a0amb el\u00a0<a href=\"https:\/\/www.boe.es\/diario_boe\/txt.php?id=BOE-A-2018-12699\" target=\"_blank\" rel=\"noreferrer noopener nofollow\"><strong>RD 1112\/2018<\/strong><\/a>\u00a0a causa de les excepcions i la manca de conformitat dels aspectes que s'indiquen a continuaci\u00f3.<\/p>\n\n\n\n<p class=\"wp-block-paragraph\"><strong>CONTINGUT NO ACCESSIBLE<\/strong><\/p>\n\n\n\n<p class=\"wp-block-paragraph\">El contingut que es recull a continuaci\u00f3 no \u00e9s accessible pel seg\u00fcent:<\/p>\n\n\n\n<ol class=\"wp-block-list\">\n<li><strong>Incompliment del RD 1112\/2018<\/strong>\n<ul class=\"wp-block-list\">\n<li>A causa de l'automatitzaci\u00f3 d'algunes de les publicacions podrien existir p\u00e0gines amb un incorrecte anidament d'etiquetes HTML.<\/li>\n\n\n\n<li>Podrien existir errors puntuals d'edici\u00f3 en alguna p\u00e0gina web.<\/li>\n<\/ul>\n<\/li>\n\n\n\n<li><strong>C\u00e0rrega desproporcionada<\/strong>\n<ul class=\"wp-block-list\">\n<li>No aplica.<\/li>\n<\/ul>\n<\/li>\n<\/ol>\n\n\n\n<p class=\"wp-block-paragraph\"><strong>PREPARACI\u00d3 D'AQUESTA DECLARACI\u00d3 D'ACCESSIBILITAT<\/strong><\/p>\n\n\n\n<p class=\"wp-block-paragraph\">La present declaraci\u00f3 va ser preparada el 18 de gener de 2023 i est\u00e0 basada en els Informes d'Accessibilitat Web del\u00a0<a href=\"https:\/\/administracionelectronica.gob.es\/pae_Home\/pae_Estrategias\/pae_Accesibilidad.html\" target=\"_blank\" rel=\"noreferrer noopener nofollow\"><strong>Observatori d'Accessibilitat<\/strong><\/a>.<\/p>\n\n\n\n<p class=\"wp-block-paragraph\">La data de l'\u00faltima revisi\u00f3 va ser el 23 de setembre de 2023<\/p>\n\n\n\n<p class=\"wp-block-paragraph\"><strong>OBSERVACIONS I DADES DE CONTACTE<\/strong><\/p>\n\n\n\n<p class=\"wp-block-paragraph\">Pot realitzar&nbsp;<strong>comunicacions<\/strong>&nbsp;sobre requisits d'accessibilitat (article 10.2 del RD 1112\/2018) com per exemple:<\/p>\n\n\n\n<ul class=\"wp-block-list\">\n<li>informar de qualsevol possible incompliment per part d'aquest lloc web<\/li>\n\n\n\n<li>transmetre altres\u00a0<strong>dificultats d'acc\u00e9s\u00a0<\/strong>al contingut<\/li>\n\n\n\n<li>formular qualsevol altra\u00a0<strong>consulta o suggeriment de millora\u00a0<\/strong>relativa a l'accessibilitat del lloc web<\/li>\n<\/ul>\n\n\n\n<p class=\"wp-block-paragraph\">a trav\u00e9s del\u00a0<a href=\"https:\/\/slupu.com\/ca\/contacte\/\" target=\"_blank\" data-type=\"link\" data-id=\"https:\/\/slupu.com\/contacto\" rel=\"noreferrer noopener nofollow\"><strong>formulari de contacte<\/strong><\/a>\u00a0d'aquest lloc web.<\/p>\n\n\n\n<p class=\"wp-block-paragraph\"><strong>PROCEDIMENT D'APLICACI\u00d3<\/strong><\/p>\n\n\n\n<p class=\"wp-block-paragraph\">Es posar\u00e0 en marxa un procediment d'aplicaci\u00f3 adequat i efica\u00e7 al qual s'ha de rec\u00f3rrer en cas que la resposta a la comunicaci\u00f3 o a la sol\u00b7licitud sigui insatisfact\u00f2ria.&nbsp;<\/p>\n\n\n\n<p class=\"wp-block-paragraph\">Contingut opcional<\/p>\n\n\n\n<p class=\"wp-block-paragraph\">Aquest lloc web:<\/p>\n\n\n\n<ul class=\"wp-block-list\">\n<li>S'ha dissenyat adaptant-se als est\u00e0ndards i normatives vigents en relaci\u00f3 amb l'accessibilitat, complint amb els punts de verificaci\u00f3 de prioritat 2 (AA) definits en l'especificaci\u00f3 de Pautes d'Accessibilitat al Contingut en la Web (WCAG 2.1).<\/li>\n\n\n\n<li>Compleix amb els requisits de la Norma\u00a0<a href=\"https:\/\/administracionelectronica.gob.es\/pae_Home\/dam\/jcr:2352eaaf-2ee8-4501-a67b-bb682c6de934\/Norma_UNE-EN_301549.pdf\" target=\"_blank\" rel=\"noreferrer noopener nofollow\"><strong>UNE-EN 301549 v1.1.2:2015<\/strong><\/a>, tenint en compte les excepcions del Reial decret 1112\/2018.<\/li>\n\n\n\n<li>Est\u00e0 dissenyat per a la seva correcta visualitzaci\u00f3 en dispositius d'escriptori, tauleta i m\u00f2bils per a una resoluci\u00f3 m\u00ednima de\u00a0<strong>1280\u00d71024<\/strong>.<\/li>\n\n\n\n<li>S'ha realitzat utilitzant HTML5 com a llenguatge de marcatge i fulls d'estil CSS 3 per al seu disseny.<\/li>\n\n\n\n<li>Est\u00e0 dissenyat per al seu \u00fas amb JavaScript no intrusiu oferint, en el cas que el vostre navegador no ho suporti, la seva corresponent alternativa no JavaScript.<\/li>\n<\/ul>","protected":false},"excerpt":{"rendered":"<p>CONSULTORA DIGITAL SLUPU se compromete a hacer que su sitio web sea accesible a todos los usuarios, independientemente de sus habilidades o discapacidades. Hemos implementado medidas de accesibilidad para garantizar que nuestro sitio web cumpla con los est\u00e1ndares de accesibilidad web establecidos por la WCAG 2.0 nivel AA. Estamos continuamente trabajando para mejorar la accesibilidad [&hellip;]<\/p>\n","protected":false},"author":1,"featured_media":0,"parent":0,"menu_order":0,"comment_status":"closed","ping_status":"closed","template":"","meta":{"footnotes":""},"class_list":["post-4659","page","type-page","status-publish","hentry"],"_links":{"self":[{"href":"https:\/\/slupu.com\/ca\/wp-json\/wp\/v2\/pages\/4659","targetHints":{"allow":["GET"]}}],"collection":[{"href":"https:\/\/slupu.com\/ca\/wp-json\/wp\/v2\/pages"}],"about":[{"href":"https:\/\/slupu.com\/ca\/wp-json\/wp\/v2\/types\/page"}],"author":[{"embeddable":true,"href":"https:\/\/slupu.com\/ca\/wp-json\/wp\/v2\/users\/1"}],"replies":[{"embeddable":true,"href":"https:\/\/slupu.com\/ca\/wp-json\/wp\/v2\/comments?post=4659"}],"version-history":[{"count":0,"href":"https:\/\/slupu.com\/ca\/wp-json\/wp\/v2\/pages\/4659\/revisions"}],"wp:attachment":[{"href":"https:\/\/slupu.com\/ca\/wp-json\/wp\/v2\/media?parent=4659"}],"curies":[{"name":"wp","href":"https:\/\/api.w.org\/{rel}","templated":true}]}}

Declaració d'accessibilitat

<p class="wp-block-paragraph">CONSULTORA DIGITAL SLUPU es compromet a fer que el seu lloc web sigui accessible a tots els usuaris, independentment de les seves capacitats o discapacitats. Hem implementat mesures d'accessibilitat per garantir que el nostre lloc web compleixi amb els estàndards d'accessibilitat web establerts per la WCAG 2.0 nivell AA. Treballem contínuament per millorar l'accessibilitat del nostre lloc web i us convidem a contactar amb nosaltres si teniu algun comentari o suggeriment sobre com podem millorar l'accessibilitat del nostre lloc web.</p>



<p class="wp-block-paragraph">CONSULTORA DIGITAL SLUPU s'ha compromès a fer accessibles els seus llocs web, de conformitat amb el <strong><a href="https://www.boe.es/buscar/act.php?id=BOE-A-2018-12699" target="_blank" rel="noreferrer noopener nofollow">Reial Decret 1112/2018</a></strong>, del 7 de setembre, sobre accessibilitat dels llocs web i aplicacions per a dispositius mòbils del sector públic, per la qual es transposa a l'ordenament jurídic espanyol la <a href="http://eur-lex.europa.eu/legal-content/ES/TXT/?uri=uriserv:OJ.L_.2016.327.01.0001.01.SPA&amp;toc=OJ:L:2016:327:FULL" target="_blank" rel="noreferrer noopener nofollow"><strong>Directiva (UE) 2016/2102 del Parlament Europeu i del Consell</strong></a>.</p>



<p class="wp-block-paragraph">La present declaració d'accessibilitat s'aplica al portal institucional <strong>slupu.com</strong></p>



<p class="wp-block-paragraph"><strong>ESTAT DE COMPLIMENT</strong></p>



<p class="wp-block-paragraph">Aquest lloc web és <strong>parcialment d'acord</strong> amb el <a href="https://www.boe.es/diario_boe/txt.php?id=BOE-A-2018-12699" target="_blank" rel="noreferrer noopener nofollow"><strong>RD 1112/2018</strong></a> a causa de les excepcions i la manca de conformitat dels aspectes que s'indiquen a continuació.</p>



<p class="wp-block-paragraph"><strong>CONTINGUT NO ACCESSIBLE</strong></p>



<p class="wp-block-paragraph">El contingut que es recull a continuació no és accessible pel següent:</p>



<ol class="wp-block-list">
<li><strong>Incompliment del RD 1112/2018</strong>
<ul class="wp-block-list">
<li>A causa de l'automatització d'algunes de les publicacions podrien existir pàgines amb un incorrecte anidament d'etiquetes HTML.</li>



<li>Podrien existir errors puntuals d'edició en alguna pàgina web.</li>
</ul>
</li>



<li><strong>Càrrega desproporcionada</strong>
<ul class="wp-block-list">
<li>No aplica.</li>
</ul>
</li>
</ol>



<p class="wp-block-paragraph"><strong>PREPARACIÓ D'AQUESTA DECLARACIÓ D'ACCESSIBILITAT</strong></p>



<p class="wp-block-paragraph">La present declaració va ser preparada el 18 de gener de 2023 i està basada en els Informes d'Accessibilitat Web del <a href="https://administracionelectronica.gob.es/pae_Home/pae_Estrategias/pae_Accesibilidad.html" target="_blank" rel="noreferrer noopener nofollow"><strong>Observatori d'Accessibilitat</strong></a>.</p>



<p class="wp-block-paragraph">La data de l'última revisió va ser el 23 de setembre de 2023</p>



<p class="wp-block-paragraph"><strong>OBSERVACIONS I DADES DE CONTACTE</strong></p>



<p class="wp-block-paragraph">Pot realitzar&nbsp;<strong>comunicacions</strong>&nbsp;sobre requisits d'accessibilitat (article 10.2 del RD 1112/2018) com per exemple:</p>



<ul class="wp-block-list">
<li>informar de qualsevol possible incompliment per part d'aquest lloc web</li>



<li>transmetre altres <strong>dificultats d'accés </strong>al contingut</li>



<li>formular qualsevol altra <strong>consulta o suggeriment de millora </strong>relativa a l'accessibilitat del lloc web</li>
</ul>



<p class="wp-block-paragraph">a través del <a href="https://slupu.com/ca/contacte/" target="_blank" data-type="link" data-id="https://slupu.com/contacto" rel="noreferrer noopener nofollow"><strong>formulari de contacte</strong></a> d'aquest lloc web.</p>



<p class="wp-block-paragraph"><strong>PROCEDIMENT D'APLICACIÓ</strong></p>



<p class="wp-block-paragraph">Es posarà en marxa un procediment d'aplicació adequat i eficaç al qual s'ha de recórrer en cas que la resposta a la comunicació o a la sol·licitud sigui insatisfactòria.&nbsp;</p>



<p class="wp-block-paragraph">Contingut opcional</p>



<p class="wp-block-paragraph">Aquest lloc web:</p>



<ul class="wp-block-list">
<li>S'ha dissenyat adaptant-se als estàndards i normatives vigents en relació amb l'accessibilitat, complint amb els punts de verificació de prioritat 2 (AA) definits en l'especificació de Pautes d'Accessibilitat al Contingut en la Web (WCAG 2.1).</li>



<li>Compleix amb els requisits de la Norma <a href="https://administracionelectronica.gob.es/pae_Home/dam/jcr:2352eaaf-2ee8-4501-a67b-bb682c6de934/Norma_UNE-EN_301549.pdf" target="_blank" rel="noreferrer noopener nofollow"><strong>UNE-EN 301549 v1.1.2:2015</strong></a>, tenint en compte les excepcions del Reial decret 1112/2018.</li>



<li>Està dissenyat per a la seva correcta visualització en dispositius d'escriptori, tauleta i mòbils per a una resolució mínima de <strong>1280×1024</strong>.</li>



<li>S'ha realitzat utilitzant HTML5 com a llenguatge de marcatge i fulls d'estil CSS 3 per al seu disseny.</li>



<li>Està dissenyat per al seu ús amb JavaScript no intrusiu oferint, en el cas que el vostre navegador no ho suporti, la seva corresponent alternativa no JavaScript.</li>
</ul>

<p>CONSULTORA DIGITAL SLUPU se compromete a hacer que su sitio web sea accesible a todos los usuarios, independientemente de sus habilidades o discapacidades. Hemos implementado medidas de accesibilidad para garantizar que nuestro sitio web cumpla con los estándares de accesibilidad web establecidos por la WCAG 2.0 nivel AA. Estamos continuamente trabajando para mejorar la accesibilidad [&hellip;]</p>
